 = -7*j**3 - j**2 - 2*j. What is the remainder when 93 is divided by c(-1)?
5
Let w(n) = -n**3 + 9*n**2 - 4*n - 13. Suppose m + 2*u - 18 = 0, u + 3*u - 12 = 0. What is the remainder when w(7) is divided by m?
9
Suppose 144 = 3*i + 45. Let x = i - -3. Suppose 3*n = -0*n + x. Calculate the remainder when 22 is divided by n.
10
Let d be (-3)/15 - (-28)/(-10). Calculate the remainder when d/(75/5) + 106/5 is divided by 6.
3
Suppose -22*c - 23 = -23*c + 2*d, d = 3*c - 49. Suppose -p + 2*j - 16 = -2*p, 5*p - 69 = j. Suppose 2 = 4*r - p. What is the remainder when c is divided by r?
3
Let t be 14/49 - 4/14. Suppose s - 3*s + 10 = t. Suppose 6*z = 7*z - s. What is the remainder when z is divided by 2?
1
Suppose -3*c + 6*c - 21 = 0. Let y be (-5)/((-5)/13) + 2. Let r(l) = -l + 40. What is the remainder when r(y) is divided by c?
4
Let q(n) = n**3 + 5*n**2 + 6*n + 7. Let l(f) be the first derivative of -f**3/3 + 11*f**2/2 + 12. Calculate the remainder when l(8) is divided by q(-3).
3
Suppose -16*m + 72*m - 8848 = 0. Calculate the remainder when m is divided by 85.
73
Calculate the remainder when 670 is divided by 12/10*(-35520)/(-128).
4
Let r be (5/15)/((-1)/24*-2). Suppose -4 - 164 = -r*h. Calculate the remainder when h is divided by 16.
10
Let u be (-10)/(-15) - (-245)/15. Let s = -1 + u. What is the remainder when 63 is divided by s?
15
Suppose a + 8*a = 333. Calculate the remainder when a is divided by 14.
9
Let u(k) = k**3 - 3*k**2 + 3*k + 2. Suppose 4*w = -0*w - 12. Let b be 2 - (1 + 6/w). Calculate the remainder when 63 is divided by u(b).
8
Let q be (-1)/(-5) - 18/(-10). Suppose 50 = 2*b - 6*d + 3*d, 0 = -q*d - 8. Let h(v) = v**3 + 6*v**2 - 7*v + 7. What is the remainder when b is divided by h(-7)?
5
Let v = 2111 + -2085. What is the remainder when 291 is divided by v?
5
Let h(z) = z**3 - 2*z**2 - 2*z - 3. Let j be h(3). Suppose 12*s + 5*s - 1292 = j. Calculate the remainder when s is divided by 40.
36
What is the remainder when 264 is divided by 704/13 - 16/104?
48
Let k = 10 - 4. Suppose 0*z = z - k. What is the remainder when 33 is divided by z?
3
Suppose f + y = 27, 0*f - 2*f - 5*y = -66. Let h be -2 + f + (-2)/1. Suppose -2*g - 3*b + h = 0, -g + 1 = b - 8. What is the remainder when 30 is divided by g?
6
Suppose l + 0*l + 3 = 0. Let f = -12 + 18. What is the remainder when 45 is divided by f*l/6*-8?
21
Suppose 0 = 4*d - 15 + 3. Let l(b) = 3*b**3 - 2*b**2 - 4*b + 8. Calculate the remainder when l(d) is divided by 20.
19
Let k(s) = 39*s**2 - 2*s - 2. Suppose 9 = -4*m - 5*b + 10*b, 3 = 2*m + 5*b. Calculate the remainder when 193 is divided by k(m).
37
Suppose 15 - 65 = -4*w + 2*i, -5*w - 2*i = -49. Suppose 5*b + 1 = 2*c + 21, -4*b + 34 = 2*c. What is the remainder when w is divided by (14/(-5))/(b/(-15))?
4
Let c(l) = l**2 + 2 - 7*l**3 + 3*l - l**3 - 4*l**3. What is the remainder when 119 is divided by c(-1)?
11
Suppose -j + 23 = -6. Calculate the remainder when 29 is divided by ((-261)/j)/((-3)/2).
5
Let q(c) = 26*c**2 - c. What is the remainder when (-8)/(1 + -3) + -2 - -104 is divided by q(-1)?
25
Calculate the remainder when (-6)/(-1) + (5 - -129) is divided by 11.
8
Let a be 8 - -1*(0 + -3). Suppose -u + 3*l + 19 = -2*l, 3*l = -a*u + 39. What is the remainder when 35 is divided by u?
8
Let q = -312 - -333. Calculate the remainder when 175 is divided by q.
7
Suppose -2*d - 2*j = -156, 13*d - 8*d = -4*j + 394. Calculate the remainder when d is divided by ((-92)/12)/((-5)/15).
13
Suppose -49 = -2*o + 5*s, -2*o + 7 = 2*s - 21. What is the remainder when 48 is divided by o?
14
Suppose -5*s - 25 = 10. Calculate the remainder when 2/5 + (5264/(-20))/s is divided by 20.
18
Let h = -10 - -21. Let w = 35 + -35. Suppose -89 = -3*n - w*n - f, 2*f + 122 = 4*n. What is the remainder when n is divided by h?
8
Suppose 2*g + 2*d - 52 = 0, 10 = -0*d + 5*d. Let x = g - 11. Calculate the remainder when 44 is divided by x.
5
Suppose -57 = -2*t + 9. Let k be ((-1)/2)/((-1)/10). Suppose 107 = y - k*g, 200 + 93 = 3*y - g. Calculate the remainder when y is divided by t.
31
Let v(b) = 2*b**2 + 9*b - 8. Let h(g) = 15*g + 6. What is the remainder when h(3) is divided by v(-7)?
24
Let o = -2 - -9. Suppose -9 = o*h - 163. Calculate the remainder when 42 is divided by h.
20
Let f(p) = p + 30. Let k be f(-23). Suppose 24 + 46 = k*i. Suppose 0 = -g + 3*g + 5*w, -g + 3 = w. Calculate the remainder when i is divided by g.
0
Let z = -417 + 462. Let i(h) = -h**2 - 12*h + 1. What is the remainder when z is divided by i(-11)?
9
Suppose 5*f - 4*f - 12 = 0. Suppose 2*m = -202 - 20. What is the remainder when (-1)/(-2 - m/57) is divided by f?
7
Let o = 60 + 60. What is the remainder when o is divided by 25?
20
Calculate the remainder when (-4115)/(-5) - 7/(42/(-24)) is divided by 18.
17
Suppose 2*b - 316 = -4*d + 30, d + 2*b = 85. What is the remainder when d is divided by 64?
23
Suppose -879*w = -865*w - 154. Suppose 53 = -x - 4*o, -5*x + o - 245 = -43. Let b = -9 - x. Calculate the remainder when b is divided by w.
10
Let y(n) = -27*n - 2. Let o(x) = -3267*x - 243. Let i(b) = -2*o(b) + 243*y(b). Let d be i(1). Let f = 55 + d. Calculate the remainder when f is divided by 10.
8
Let a = 25 + -54. Let y = 33 + a. Suppose 7 - 11 = -y*u. Calculate the remainder when 4 is divided by u.
0
Suppose 10*n - 5*n - 202 = -2*d, -204 = -5*n - 4*d. What is the remainder when n is divided by 17?
6
Let y(f) = -f**2 + 6*f - 1. Let o be y(5). Suppose -3*k = -o*h - 4*k + 133, 3*h - k = 91. What is the remainder when 125 is divided by h?
29
Let t(c) = -77*c - 3420. Let f(x) = x**3 - x**2 + 5*x + 7. What is the remainder when f(5) is divided by t(-45)?
42
Let h(x) = 18*x + 209. Let o(z) = 5*z**2 - 2*z - 1. Calculate the remainder when h(-11) is divided by o(-1).
5
Suppose -2*y - 5*b + 42 = 0, -2*b - 18 = -5*y + 87. Let k = 29 - y. Calculate the remainder when k is divided by 3.
2
What is the remainder when 11 is divided by 53/6 + (-12)/(-72)?
2
Suppose 3*k = 28*k - 300. Calculate the remainder when k is divided by 5.
2
Suppose 12*l + 342 = 5*a + 15*l, -4*l + 134 = 2*a. Calculate the remainder when a is divided by 9.
6
Let w = -698 + 719. What is the remainder when 60 is divided by w?
18
Suppose -114 = -3*f + 3*r + 54, -5*r = -2*f + 109. Let q(y) = -y**3 + 10*y**2 + 10*y + 184. Calculate the remainder when f is divided by q(12).
9
Let u(y) = 5*y + 27. Let s be u(-12). Let v(l) = 73*l + 1. Let h be v(1). Let w = h + s. What is the remainder when w is divided by 11?
8
Let c(g) = -g**2 + 4*g + 4. Let s be c(4). Suppose -k - 4 = 0, u = -2*u - 4*k + 53. Suppose s*o - u = 3*o. Calculate the remainder when 45 is divided by o.
22
Let j(i) = i**3 - i**2 - 3*i + 13. Let n(q) = 5*q**2 + 25*q. Let t be n(-5). What is the remainder when 49 is divided by j(t)?
10
Calculate the remainder when 28 is divided by (-8)/(8/(-6) - (-12)/(-18)).
0
Suppose 2*q = 4*m + 32, 3*q = q. Let a = m + 14. What is the remainder when 17 is divided by a?
5
What is the remainder when 197 is divided by (231/44 + 2 + 3)*4?
33
Suppose 13 = 4*k + 9. Suppose -4*a - 2*l + 3*l + 12 = 0, l = -4. Calculate the remainder when (1/2)/(k/18) is divided by a.
1
Let b(n) = -4*n - 7. Suppose -12 = 4*c, 4*g + 2*c + 6 + 20 = 0. Calculate the remainder when b(g) is divided by 4.
1
Let w(s) = -s + 14. Suppose 75*j = 86*j - 517. Calculate the remainder when j is divided by w(6).
7
Suppose 5*r + r - 6 = 0. Let j(b) be the third derivative of 61*b**4/24 - b**3/3 - 2*b**2. Calculate the remainder when j(r) is divided by 30.
29
Let x be 44/16 - 6/8. Suppose 3*y + 91 + x = 0. Let w = y + 55. Calculate the remainder when 70 is divided by w.
22
Let s be (0 - (-1)/2)*0. Let a(p) = p + 3. Let x be a(s). Suppose x*r + 2*r - 40 = 0. Calculate the remainder when r is divided by 5.
3
Let z(b) = -20*b - 1. Let p be (1 - (-12)/3)/1. Let i = -6 + p. What is the remainder when 73 is divided by z(i)?
16
Suppose 5*j = -2*v + 154 - 2, -v = 3*j - 92. Calculate the remainder when 189 is divided by j.
29
Suppose -x - 12 = -0*a + 3*a, 3*x + 5*a + 28 = 0. Let k(n) = -6*n - 8. Calculate the remainder when 107 is divided by k(x).
23
Let v(b) = -5*b + 10 + b - 5*b + 3*b. Calculate the remainder when v(-11) is divided by 20.
16
What is the remainder when 288 is divided by (-73)/((-